1) + 1/(p/22) composite?
True
Let o be (-9)/((-27)/(-2))*1*12. Is 121 + (o/4 - -1) + 3 prime?
False
Let x be 28/(-36) - -1 - (-75)/27. Suppose -230 = -2*c - 4*f + 336, -x*c + 869 = 2*f. Is c prime?
True
Is (-13)/(117/(-9954)) + 11 prime?
True
Suppose 0 = -0*f - 5*f + 2*y + 30, -2*f - 5*y = -41. Suppose 0 = f*k - 3935 - 2857. Is k a composite number?
True
Let h(j) = -8*j + 46. Let n be h(6). Is (-118)/((-3)/(-33)*n) prime?
False
Suppose 0 = -h + x + 6, -3*x - 12 = 2*h + x. Suppose 3*f = 2*l + l + 117, 4*l = -h*f + 54. Is f composite?
True
Let x(v) = -3*v + 967. Is x(0) a composite number?
False
Let c be (1/3)/((-2)/(-4194)). Suppose c + 919 = 2*m. Is m prime?
True
Let p be 8/(-20) + 2453/(-5) + 2. Let z = p - -1151. Is z composite?
True
Suppose -2*w = -173 - 389. Let c = w - 19. Is c a composite number?
True
Let l(j) = 7*j**2 + j + 3. Let h be l(3). Let q = h + -7. Suppose -4*v + 2*v = -q. Is v composite?
False
Suppose 4*o = -5*s + 9, -7 = -4*o - s - 2*s. Is o*(89 - 0)*(-24 - -25) a prime number?
True
Suppose -5*w + b - 14 = -69, -8 = w - 4*b. Let l be w/3 + 0 - -1. Suppose j + 0*j - l*d - 490 = 0, 4*j - d = 2017. Is j composite?
True
Suppose 2*h - 90 = -8*h. Let b(f) = 70*f**2 + 23*f - 23. Is b(h) a prime number?
False
Suppose 0 = -2*g + 5*f + 66, -3*f - 26 - 106 = -4*g. Let o be (-2)/11 - (-171)/g. Suppose 1974 = o*a - 1411. Is a prime?
True
Let s(i) = -3*i**3 + 13*i**2 + 5*i - 4. Let x(z) = -4*z**3 + 13*z**2 + 5*z - 5. Let n(k) = -5*s(k) + 4*x(k). Is n(-13) a composite number?
True
Suppose 107 = 3*l + 5*w, -l - 5*w = -0*w - 49. Let b = l - -238. Is b a prime number?
False
Let o(q) = q. Let a be o(12). Suppose -g + 5*g = -a. Is ((-21)/(-6))/(g/(-102)) a prime number?
False
Let z(r) = 622*r + 513. Is z(34) a composite number?
False
Let n be 8/(-14)*(-279636)/24. Suppose -n = -3*k + 2*m - 3*m, -5*m - 4467 = -2*k. Is k a prime number?
True
Let b(n) = -8*n + 11. Let z(w) = 16*w - 23. Suppose 0 = -4*k - 4 - 4. Let m(d) = k*z(d) - 5*b(d). Is m(7) a composite number?
False
Suppose 2725 = 2*v + 5*z, 5*v - 2715 = 3*v - 3*z. Let s = v + -961. Is s a prime number?
True
Suppose 0 = y - 4, 4*l - 1580 = -y + 4012. Is l a prime number?
False
Let s be -11*(6/(-10))/(11/(-55)). Is 10/(-55) + (-37989)/s composite?
False
Let h = -80 + 84. Suppose -22649 = -h*k - 7*k. Is k a composite number?
True
Suppose 0 = 4*m - 13*m + 85797. Is m a prime number?
True
Let x = -151283 + 215184. Is x a composite number?
False
Suppose -3*j - 3 + 9 = 4*d, -3*d + 3*j = -15. Let c = -1 + d. Suppose 5*t + 3*b - 87 - 320 = 0, c*b = -t + 87. Is t prime?
True
Suppose 18883 = 4*a + s, -2*a - 2*s + 9437 = 3*s. Is a prime?
True
Let t(w) = -w**2 - w - 1. Let m(x) = 6*x**2 + 3*x + 1287. Let j(v) = m(v) + 5*t(v). Is j(0) prime?
False
Let u(x) = 2*x**3 + 15*x**2 + x - 16. Let v be u(-11). Let h = v + 1289. Is h a composite number?
True
Let p(a) = a + 3*a**2 - 3 + a**2 + 4 - 5*a**2. Let z be p(2). Is ((-641)/(-5))/(z/(-5)) a composite number?
False
Let p = 27753 - 16604. Is p a composite number?
False
Let o(p) = -5*p. Suppose 0 = 5*u - 2*d - 45, 0*u - 2*u + d = -18. Suppose 2*s + s + u = 0. Is o(s) a composite number?
True
Let a(v) = -7*v**2 - 5*v**2 + 11 + 16*v**3 - 17*v**3 - 11*v. Let m be ((-7)/((-35)/(-12)))/((-1)/(-5)). Is a(m) prime?
False
Let q(t) = 143*t**3 - t**2 + 6*t - 3. Let d(w) = -142*w**3 + 2*w**2 - 5*w + 2. Let v(p) = -4*d(p) - 3*q(p). Is v(2) composite?
False
Let q = 37 + -10. Suppose 3*y - q + 92 = 4*s, -55 = 3*y - 2*s. Is (-2079)/y + 2/5 a composite number?
False
Suppose 228838 = 40*r + 29998. Is r a prime number?
False
Suppose 0 = -2*h + 2 - 12. Let f = h + 222. Is f prime?
False
Let s be 90/(-1) - 0/2. Let x = s - -182. Suppose 2*q = x + 162. Is q a prime number?
True
Let m = -2437 - -4800. Suppose c = -2*i + 1171, 5*c = 7*i - 3*i - m. Is i composite?
False
Suppose 0 = -6*b - 1161 - 393. Let m = b + 732. Is m composite?
True
Let v(m) = -10*m - 1122*m**3 + 8*m - 11*m**2 + 9*m**2. Let d be v(-1). Suppose d = 6*g - 0*g. Is g composite?
True
Let w = -2947 + 4230. Is w prime?
True
Let s be (-2)/7 - 5490/(-105). Suppose -y + k - 3*k = -37, y = k + s. Is y composite?
False
Let z(y) = -y - 6. Let q be z(-10). Suppose q*h = 6*h. Is (-1)/(4/(-740) - h) a prime number?
False
Let h = 28 - 33. Let s(y) = -75*y + 32. Is s(h) a composite number?
True
Is 518996/10 + (-342)/570 a prime number?
True
Suppose -5*l = 3*t - 0*l - 43775, -43767 = -3*t - 3*l. Is t a prime number?
False
Is 4/10 - 322371/(-85) composite?
False
Let f(c) = 23*c - 3*c - 5 - 9 + 11. Let q be -1*(-1 + 1 - 2). Is f(q) a composite number?
False
Let z be 1/(-3)*-3 - -4. Suppose -z*i + 2*h = -2 + 4, -i = 3*h - 3. Suppose i = -5*v + 583 - 28. Is v composite?
True
Is 2/6 + 82880/48 a composite number?
True
Suppose 196*m = 194*m + 130. Is m a prime number?
False
Let c(v) be the first derivative of -v**2/2 - 2*v + 4. Let j be c(-2). Is j/(3 - -1) - -65 composite?
True
Suppose 0 = 3*c - 8 + 860. Let s = -97 - c. Is s prime?
False
Let q = -20 - -26. Suppose -r - r - q = 0. Let t(b) = 102*b**2 - b - 4. Is t(r) prime?
False
Let z(m) = 2298*m - 26. Let w be z(-5). Let h = -4483 - w. Is h a prime number?
False
Suppose -11 = 3*y + 43. Let n = 21 + y. Suppose -n*j - 4*j + 4907 = 0. Is j a prime number?
True
Let u = 24 - 27. Is 106*u*(-5)/30 a prime number?
True
Let q(z) = 2978*z**2 - 20*z - 7. Is q(5) composite?
True
Suppose -23 = -3*d - 8. Suppose 9 = d*i - 11. Suppose 0 = 4*f - 2*a - 392, -3*a + i*a = -2. Is f a prime number?
True
Let d = -15043 + 27910. Suppose -7*w = -202 - d. Is w composite?
False
Let h = 1422 - 787. Suppose -5*w - h = -10*w. Is w prime?
True
Suppose -11397 - 1933 = -2*o. Let u = o + -4693. Suppose f + 3*f = u. Is f composite?
True
Suppose 3*a - 5*k - 2805 = 11376, 0 = -5*a + k + 23635. Is a a prime number?
False
Suppose 92*z = 89*z + 1587. Is z composite?
True
Let l(x) = -7*x**3 - x**2 + 9*x + 7. Let y be l(-8). Suppose -y = -5*c + 1370. Is c a composite number?
True
Let j(w) = w**2 + 13*w + 7969. Is j(0) a prime number?
False
Let q(a) = -24*a - 1. Suppose -5*c - 8 = -2*x - 0*x, 0 = 5*x - 3*c - 1. Is q(x) composite?
False
Is (-86849)/(-3) - 124/186 composite?
False
Suppose -5*h - 32 + 42 = 0. Suppose -383 = -h*y + 615. Is y a prime number?
True
Let k = -19 - -17. Let x = 265 - k. Suppose 6*d - x = 3*d. Is d composite?
False
Suppose i - 3985 = -y - 2*y, -4*i = 5*y - 15954. Is i composite?
True
Let n be ((-842)/6)/((-8)/120). Suppose 0 = -3*g + f - 6*f + n, -2097 = -3*g - 3*f. Is g a composite number?
True
Suppose -5*a + 15 = -5*p, a - 2*p = -7*p + 3. Suppose 5*t - 3*r + 391 = 1201, -345 = -2*t - a*r. Is 4/(12/t)*1 a composite number?
True
Let p(x) = 3*x**2 + 10*x - 29. Suppose -2*v + 5*v - 3*d - 66 = 0, -22 = -v + 3*d. Is p(v) a composite number?
True
Let u(q) = q**2 - 5*q - 4. Let p be u(8). Suppose 0 = 3*f + 6*l - 2*l + p, -19 = 3*f + 5*l. Is 5/(-20) + (-370)/f prime?
False
Let x = -131 + 134. Suppose -2236 = -x*i + 3095. Is i a prime number?
True
Let g(k) = -190*k**3 - 2*k + 2. Let j be g(2). Is 15/30 - j/4 composite?
True
Let v(d) = -808*d + 63. Is v(-19) a prime number?
False
Suppose 0 = 3*r - 7*k + 5*k - 104861, -2*k = 5*r - 174779. Is r prime?
False
Suppose -2526 = -r + d + 2332, -2*r = d - 9725. Is r a prime number?
True
Suppose 2*t + 160 = -2*o, -3*t = -2*o - 111 - 44. Suppose -16*q - 3922 + 1330 = 0. Let h = o - q. Is h composite?
False
Suppose -11004 = -25*h + 141221. Is h prime?
True
Suppose 833*c - 716 = 831*c. Let k(d) = d**2 - 6*d + 7. Let f be k(6). Suppose 2*z + 4*q = f*q + c, 2*z - 366 = q. Is z prime?
False
Suppose 0 = -6*w + w + 15. Suppose 6*c - 197 = -b + 3*c, 0 = w*b + 5*c - 599. Is b composite?
True
Let z be ((-15)/5)/(3/(-2)). Suppose z*x - 3*x + 27 = 0. Is -4 + -4 + 0 + x a composite number?
False
Let k be (18/45)/((-1)/(-1840)). Let n = 1625 - k. Is n a composite number?
True
Let y = 35273 - 10876. Is y prime?
False
Suppose 4*r = -a - a - 12, -4*r - 6 = 5*a. Let j be (48 - -1) + (4 - a). Is 0/(-1) + (j - 2) prime?
False
Let p be (-3)/(-2)*(-176)/(-12). Suppose -3*i - p + 29874 = 5*w, 0 = -4*w + 5*i + 23889. Is w prime?
False
Let g = 1103 - -2544. Is g composite?
True
Let v = -53 + 53. Suppose 4*j - 1134 - 190 = v. Is j a prime number?
True
Let v = 11846 - 8223. Is v prime?
True
Let 